{"id":2511,"date":"2018-02-16T22:27:21","date_gmt":"2018-02-16T20:27:21","guid":{"rendered":"https:\/\/www.wuhlesyndikat.de\/wordpress\/?page_id=2511"},"modified":"2018-02-16T22:27:31","modified_gmt":"2018-02-16T20:27:31","slug":"ma%c2%adsse-vom-gaesteblock-aktualisiert","status":"publish","type":"page","link":"https:\/\/www.wuhlesyndikat.de\/wordpress\/ma%c2%adsse-vom-gaesteblock-aktualisiert","title":{"rendered":"Ma\u00ad\u00dfe vom G\u00e4steblock aktualisiert"},"content":{"rendered":"<p>Die Ma\u00ad\u00dfe vom G\u00e4steblock waren nicht mehr die Aktuellsten, das haben wir jetzt nach geholt. Die aktualisierte Grafik zeigt den G\u00e4steblock nach dem Umbau.<\/p>\n<p>Entschuldigt die Verz\u00f6gerung.<\/p>\n","protected":false},"excerpt":{"rendered":"<p>Die Ma\u00ad\u00dfe vom G\u00e4steblock waren nicht mehr die Aktuellsten, das haben wir jetzt nach geholt. Die aktualisierte Grafik zeigt den G\u00e4steblock nach dem Umbau. Entschuldigt die Verz\u00f6gerung.<\/p>\n","protected":false},"author":6,"featured_media":0,"parent":0,"menu_order":0,"comment_status":"closed","ping_status":"closed","template":"","meta":[],"_links":{"self":[{"href":"https:\/\/www.wuhlesyndikat.de\/wordpress\/wp-json\/wp\/v2\/pages\/2511"}],"collection":[{"href":"https:\/\/www.wuhlesyndikat.de\/wordpress\/wp-json\/wp\/v2\/pages"}],"about":[{"href":"https:\/\/www.wuhlesyndikat.de\/wordpress\/wp-json\/wp\/v2\/types\/page"}],"author":[{"embeddable":true,"href":"https:\/\/www.wuhlesyndikat.de\/wordpress\/wp-json\/wp\/v2\/users\/6"}],"replies":[{"embeddable":true,"href":"https:\/\/www.wuhlesyndikat.de\/wordpress\/wp-json\/wp\/v2\/comments?post=2511"}],"version-history":[{"count":1,"href":"https:\/\/www.wuhlesyndikat.de\/wordpress\/wp-json\/wp\/v2\/pages\/2511\/revisions"}],"predecessor-version":[{"id":2512,"href":"https:\/\/www.wuhlesyndikat.de\/wordpress\/wp-json\/wp\/v2\/pages\/2511\/revisions\/2512"}],"wp:attachment":[{"href":"https:\/\/www.wuhlesyndikat.de\/wordpress\/wp-json\/wp\/v2\/media?parent=2511"}],"curies":[{"name":"wp","href":"https:\/\/api.w.org\/{rel}","templated":true}]}}